{"id":100495,"date":"2025-06-07T10:24:16","date_gmt":"2025-06-07T08:24:16","guid":{"rendered":"https:\/\/test.esluzby.net\/?post_type=product&#038;p=100495"},"modified":"2026-02-19T10:31:15","modified_gmt":"2026-02-19T09:31:15","slug":"pullitr-kamen-shattuckit","status":"publish","type":"product","link":"https:\/\/test.esluzby.net\/?product=pullitr-kamen-shattuckit","title":{"rendered":"P\u016fllitr &#8211; k\u00e1men shattuckit"},"content":{"rendered":"","protected":false},"excerpt":{"rendered":"<p>P\u016fllitr &#8211; k\u00e1men shattuckit. Znamen\u00ed zv\u011brokruhu : B\u00ddK, VODN\u00c1\u0158, V\u00c1HY, ST\u0158ELEC, LEV, PANNA, BL\u00cd\u017dENCI.<\/p>\n","protected":false},"featured_media":100496,"comment_status":"closed","ping_status":"closed","template":"","meta":[],"product_brand":[],"product_cat":[138],"product_tag":[],"class_list":{"0":"post-100495","1":"product","2":"type-product","3":"status-publish","4":"has-post-thumbnail","6":"product_cat-skleneny-pullitr","8":"first","9":"instock","10":"shipping-taxable","11":"purchasable","12":"product-type-simple"},"_links":{"self":[{"href":"https:\/\/test.esluzby.net\/index.php?rest_route=\/wp\/v2\/product\/100495","targetHints":{"allow":["GET"]}}],"collection":[{"href":"https:\/\/test.esluzby.net\/index.php?rest_route=\/wp\/v2\/product"}],"about":[{"href":"https:\/\/test.esluzby.net\/index.php?rest_route=\/wp\/v2\/types\/product"}],"replies":[{"embeddable":true,"href":"https:\/\/test.esluzby.net\/index.php?rest_route=%2Fwp%2Fv2%2Fcomments&post=100495"}],"version-history":[{"count":0,"href":"https:\/\/test.esluzby.net\/index.php?rest_route=\/wp\/v2\/product\/100495\/revisions"}],"wp:featuredmedia":[{"embeddable":true,"href":"https:\/\/test.esluzby.net\/index.php?rest_route=\/wp\/v2\/media\/100496"}],"wp:attachment":[{"href":"https:\/\/test.esluzby.net\/index.php?rest_route=%2Fwp%2Fv2%2Fmedia&parent=100495"}],"wp:term":[{"taxonomy":"product_brand","embeddable":true,"href":"https:\/\/test.esluzby.net\/index.php?rest_route=%2Fwp%2Fv2%2Fproduct_brand&post=100495"},{"taxonomy":"product_cat","embeddable":true,"href":"https:\/\/test.esluzby.net\/index.php?rest_route=%2Fwp%2Fv2%2Fproduct_cat&post=100495"},{"taxonomy":"product_tag","embeddable":true,"href":"https:\/\/test.esluzby.net\/index.php?rest_route=%2Fwp%2Fv2%2Fproduct_tag&post=100495"}],"curies":[{"name":"wp","href":"https:\/\/api.w.org\/{rel}","templated":true}]}}