{"id":100515,"date":"2025-06-07T17:39:49","date_gmt":"2025-06-07T15:39:49","guid":{"rendered":"https:\/\/test.esluzby.net\/?post_type=product&#038;p=100515"},"modified":"2026-02-19T10:31:18","modified_gmt":"2026-02-19T09:31:18","slug":"pullitr-kamen-achat-sedy-botswana","status":"publish","type":"product","link":"https:\/\/test.esluzby.net\/?product=pullitr-kamen-achat-sedy-botswana","title":{"rendered":"P\u016fllitr \u2013 k\u00e1men ach\u00e1t \u0161ed\u00fd Botswana"},"content":{"rendered":"","protected":false},"excerpt":{"rendered":"<p>P\u016fllitr \u2013 k\u00e1men ach\u00e1t \u0161ed\u00fd Botswana. Znamen\u00ed zv\u011brokruhu : KOZOROH, RYBY, RAK, B\u00ddK, \u0160T\u00cdR.<\/p>\n","protected":false},"featured_media":100516,"comment_status":"closed","ping_status":"closed","template":"","meta":[],"product_brand":[],"product_cat":[138],"product_tag":[],"class_list":{"0":"post-100515","1":"product","2":"type-product","3":"status-publish","4":"has-post-thumbnail","6":"product_cat-skleneny-pullitr","8":"first","9":"instock","10":"shipping-taxable","11":"purchasable","12":"product-type-simple"},"_links":{"self":[{"href":"https:\/\/test.esluzby.net\/index.php?rest_route=\/wp\/v2\/product\/100515","targetHints":{"allow":["GET"]}}],"collection":[{"href":"https:\/\/test.esluzby.net\/index.php?rest_route=\/wp\/v2\/product"}],"about":[{"href":"https:\/\/test.esluzby.net\/index.php?rest_route=\/wp\/v2\/types\/product"}],"replies":[{"embeddable":true,"href":"https:\/\/test.esluzby.net\/index.php?rest_route=%2Fwp%2Fv2%2Fcomments&post=100515"}],"version-history":[{"count":0,"href":"https:\/\/test.esluzby.net\/index.php?rest_route=\/wp\/v2\/product\/100515\/revisions"}],"wp:featuredmedia":[{"embeddable":true,"href":"https:\/\/test.esluzby.net\/index.php?rest_route=\/wp\/v2\/media\/100516"}],"wp:attachment":[{"href":"https:\/\/test.esluzby.net\/index.php?rest_route=%2Fwp%2Fv2%2Fmedia&parent=100515"}],"wp:term":[{"taxonomy":"product_brand","embeddable":true,"href":"https:\/\/test.esluzby.net\/index.php?rest_route=%2Fwp%2Fv2%2Fproduct_brand&post=100515"},{"taxonomy":"product_cat","embeddable":true,"href":"https:\/\/test.esluzby.net\/index.php?rest_route=%2Fwp%2Fv2%2Fproduct_cat&post=100515"},{"taxonomy":"product_tag","embeddable":true,"href":"https:\/\/test.esluzby.net\/index.php?rest_route=%2Fwp%2Fv2%2Fproduct_tag&post=100515"}],"curies":[{"name":"wp","href":"https:\/\/api.w.org\/{rel}","templated":true}]}}