{"id":111747,"date":"2025-10-07T14:38:54","date_gmt":"2025-10-07T12:38:54","guid":{"rendered":"https:\/\/test.esluzby.net\/?post_type=product&#038;p=111747"},"modified":"2026-02-19T10:32:35","modified_gmt":"2026-02-19T09:32:35","slug":"vaza-svicen-kvetinac-misa-hobnail-16cm-ananas-modry-kour","status":"publish","type":"product","link":"https:\/\/test.esluzby.net\/?product=vaza-svicen-kvetinac-misa-hobnail-16cm-ananas-modry-kour","title":{"rendered":"V\u00e1za, Sv\u00edcen, Kv\u011btin\u00e1\u010d, M\u00edsa 16cm &#8211; Hobnail \u2013 Ananas \u2013 modr\u00fd kou\u0159"},"content":{"rendered":"<p>Kolekce Hobnail \u2013 d\u0159\u00edve v \u010cech\u00e1ch zn\u00e1m\u00e1 jako Ananas \u2013 je v\u00fdjime\u010dn\u00e1 nejen sv\u00fdm osobit\u00fdm vzhledem, ale i bohatou histori\u00ed. Tento dekor se vyr\u00e1b\u011bl ji\u017e kolem roku 1880 ve skl\u00e1rn\u00e1ch na Teplicku a Novoborsku. V posledn\u00edch letech se stal op\u011bt \u017e\u00e1dan\u00fdm po cel\u00e9m sv\u011bt\u011b.<\/p>\n<p>D\u00edky jedine\u010dn\u00e9 technice optiky dok\u00e1\u017ee Hobnail \u2013 Ananas zaujmout sv\u00fdm vzhledem. Ct\u00edme historii, z\u00e1rove\u0148 se sna\u017e\u00edme o roz\u0161\u00ed\u0159en\u00ed sortimentu s pou\u017eit\u00edm tohoto dekoru. V dochovan\u00fdch archivech jsou v tomto dekoru zmi\u0148ovan\u00e9 pouze d\u017eb\u00e1ny.<\/p>\n<p>Tato m\u00edsa m\u016f\u017ee slou\u017eit jako stylov\u00e1 m\u00edsa na ovoce, dekorace s plovouc\u00edmi kv\u011bty, nebo jako elegantn\u00ed \u00falo\u017en\u00fd prostor na drobnosti \u2013 jej\u00ed textura a tvar z n\u00ed \u010din\u00ed st\u0159edobod ka\u017ed\u00e9ho stolu.<\/p>\n<p>Jako kv\u011btin\u00e1\u010d se bude vyj\u00edmat s \u010derstv\u00fdmi kv\u011btinami \u2013 p\u0159edstavte si ji uprost\u0159ed stolu s vo\u0148av\u00fdmi pivo\u0148kami nebo eukalyptem, jak odr\u00e1\u017e\u00ed sv\u011btlo a dod\u00e1v\u00e1 prostoru jemn\u00fd lesk a nebo jako sv\u00edcen, kdy vytvo\u0159\u00ed \u00fatulnou atmosf\u00e9ru p\u0159i ve\u010dern\u00edm posezen\u00ed.<\/p>\n","protected":false},"excerpt":{"rendered":"<p>V kolekci Hobnail u n\u00e1s najdete tak\u00e9 d\u017eb\u00e1ny a nejr\u016fzn\u011bj\u0161\u00ed sklenice, v\u00e1zy, m\u00edsy \u010di petrolejov\u00e9 lampy, kter\u00e9 se v historii t\u00e9m\u011b\u0159 nevyr\u00e1b\u011bly.<\/p>\n","protected":false},"featured_media":111748,"comment_status":"closed","ping_status":"closed","template":"","meta":[],"product_brand":[],"product_cat":[142,124,110,147],"product_tag":[],"class_list":{"0":"post-111747","1":"product","2":"type-product","3":"status-publish","4":"has-post-thumbnail","6":"product_cat-hobnail-ananas","7":"product_cat-sklenene-misy","8":"product_cat-sklenene-svicny","9":"product_cat-sklenene-vazy","11":"first","12":"instock","13":"sale","14":"shipping-taxable","15":"purchasable","16":"product-type-simple"},"_links":{"self":[{"href":"https:\/\/test.esluzby.net\/index.php?rest_route=\/wp\/v2\/product\/111747","targetHints":{"allow":["GET"]}}],"collection":[{"href":"https:\/\/test.esluzby.net\/index.php?rest_route=\/wp\/v2\/product"}],"about":[{"href":"https:\/\/test.esluzby.net\/index.php?rest_route=\/wp\/v2\/types\/product"}],"replies":[{"embeddable":true,"href":"https:\/\/test.esluzby.net\/index.php?rest_route=%2Fwp%2Fv2%2Fcomments&post=111747"}],"version-history":[{"count":0,"href":"https:\/\/test.esluzby.net\/index.php?rest_route=\/wp\/v2\/product\/111747\/revisions"}],"wp:featuredmedia":[{"embeddable":true,"href":"https:\/\/test.esluzby.net\/index.php?rest_route=\/wp\/v2\/media\/111748"}],"wp:attachment":[{"href":"https:\/\/test.esluzby.net\/index.php?rest_route=%2Fwp%2Fv2%2Fmedia&parent=111747"}],"wp:term":[{"taxonomy":"product_brand","embeddable":true,"href":"https:\/\/test.esluzby.net\/index.php?rest_route=%2Fwp%2Fv2%2Fproduct_brand&post=111747"},{"taxonomy":"product_cat","embeddable":true,"href":"https:\/\/test.esluzby.net\/index.php?rest_route=%2Fwp%2Fv2%2Fproduct_cat&post=111747"},{"taxonomy":"product_tag","embeddable":true,"href":"https:\/\/test.esluzby.net\/index.php?rest_route=%2Fwp%2Fv2%2Fproduct_tag&post=111747"}],"curies":[{"name":"wp","href":"https:\/\/api.w.org\/{rel}","templated":true}]}}