{"id":115375,"date":"2025-10-22T12:54:07","date_gmt":"2025-10-22T10:54:07","guid":{"rendered":"https:\/\/test.esluzby.net\/?post_type=product&#038;p=115375"},"modified":"2026-02-19T10:32:47","modified_gmt":"2026-02-19T09:32:47","slug":"dzban-kristal-s-ledovou-hubickou-2l","status":"publish","type":"product","link":"https:\/\/test.esluzby.net\/?product=dzban-kristal-s-ledovou-hubickou-2l","title":{"rendered":"D\u017eb\u00e1n 2l &#8211; s ledovou hubi\u010dkou &#8211; k\u0159i\u0161\u0165\u00e1l"},"content":{"rendered":"<p>Ru\u010dn\u011b vyr\u00e1b\u011bn\u00fd d\u017eb\u00e1n je stylov\u00fd dopln\u011bk pro V\u00e1\u0161 domov. Vych\u00e1z\u00edme z tradi\u010dn\u00edho postupu ru\u010dn\u00ed v\u00fdroby. D\u00edky sv\u00e9mu nad\u010dasov\u00e9mu vzhledu p\u016fsob\u00ed jako \u0161perk na ka\u017ed\u00e9m stole.<\/p>\n<p>V letn\u00edch dnech je ide\u00e1ln\u00ed na dom\u00e1c\u00ed limon\u00e1du s pl\u00e1tky citronu nebo t\u0159eba osv\u011b\u017euj\u00edc\u00ed pivo. Sv\u00e9 uplatn\u011bn\u00ed si ur\u010dit\u011b najde i v zim\u011b, nen\u00ed ov\u0161em ur\u010den\u00fd pro hork\u00e9 n\u00e1poje.<\/p>\n<p>S ru\u010dn\u011b foukan\u00fdmi sklenicemi a p\u016fllitry tvo\u0159\u00ed harmonickou sadu \u2013 ide\u00e1ln\u00ed pro serv\u00edrov\u00e1n\u00ed n\u00e1poj\u016f p\u0159i slavnostn\u00ed ve\u010de\u0159i, zahradn\u00ed oslav\u011b nebo jen tak pro radost.<\/p>\n","protected":false},"excerpt":{"rendered":"<p>Ru\u010dn\u011b vyr\u00e1b\u011bn\u00fd d\u017eb\u00e1n je stylov\u00fd dopln\u011bk pro V\u00e1\u0161 domov. Vych\u00e1z\u00edme z tradi\u010dn\u00edho postupu ru\u010dn\u00ed v\u00fdroby. D\u00edky sv\u00e9mu nad\u010dasov\u00e9mu vzhledu p\u016fsob\u00ed jako \u0161perk na ka\u017ed\u00e9m stole. V letn\u00edch dnech je ide\u00e1ln\u00ed na dom\u00e1c\u00ed limon\u00e1du s pl\u00e1tky citronu nebo t\u0159eba osv\u011b\u017euj\u00edc\u00ed pivo. Sv\u00e9 uplatn\u011bn\u00ed si ur\u010dit\u011b najde i v zim\u011b, nen\u00ed ov\u0161em ur\u010den\u00fd pro hork\u00e9 n\u00e1poje. S [&hellip;]<\/p>\n","protected":false},"featured_media":115376,"comment_status":"closed","ping_status":"closed","template":"","meta":[],"product_brand":[],"product_cat":[119],"product_tag":[],"class_list":{"0":"post-115375","1":"product","2":"type-product","3":"status-publish","4":"has-post-thumbnail","6":"product_cat-sklenene-dzbany","8":"first","9":"instock","10":"sale","11":"shipping-taxable","12":"purchasable","13":"product-type-simple"},"_links":{"self":[{"href":"https:\/\/test.esluzby.net\/index.php?rest_route=\/wp\/v2\/product\/115375","targetHints":{"allow":["GET"]}}],"collection":[{"href":"https:\/\/test.esluzby.net\/index.php?rest_route=\/wp\/v2\/product"}],"about":[{"href":"https:\/\/test.esluzby.net\/index.php?rest_route=\/wp\/v2\/types\/product"}],"replies":[{"embeddable":true,"href":"https:\/\/test.esluzby.net\/index.php?rest_route=%2Fwp%2Fv2%2Fcomments&post=115375"}],"version-history":[{"count":0,"href":"https:\/\/test.esluzby.net\/index.php?rest_route=\/wp\/v2\/product\/115375\/revisions"}],"wp:featuredmedia":[{"embeddable":true,"href":"https:\/\/test.esluzby.net\/index.php?rest_route=\/wp\/v2\/media\/115376"}],"wp:attachment":[{"href":"https:\/\/test.esluzby.net\/index.php?rest_route=%2Fwp%2Fv2%2Fmedia&parent=115375"}],"wp:term":[{"taxonomy":"product_brand","embeddable":true,"href":"https:\/\/test.esluzby.net\/index.php?rest_route=%2Fwp%2Fv2%2Fproduct_brand&post=115375"},{"taxonomy":"product_cat","embeddable":true,"href":"https:\/\/test.esluzby.net\/index.php?rest_route=%2Fwp%2Fv2%2Fproduct_cat&post=115375"},{"taxonomy":"product_tag","embeddable":true,"href":"https:\/\/test.esluzby.net\/index.php?rest_route=%2Fwp%2Fv2%2Fproduct_tag&post=115375"}],"curies":[{"name":"wp","href":"https:\/\/api.w.org\/{rel}","templated":true}]}}