{"id":120776,"date":"2025-12-18T08:17:36","date_gmt":"2025-12-18T07:17:36","guid":{"rendered":"https:\/\/test.esluzby.net\/?post_type=product&#038;p=120776"},"modified":"2026-02-19T10:33:28","modified_gmt":"2026-02-19T09:33:28","slug":"vaza-listy-secese-25cm-art-nouveau","status":"publish","type":"product","link":"https:\/\/test.esluzby.net\/?product=vaza-listy-secese-25cm-art-nouveau","title":{"rendered":"V\u00e1za listy secese 25cm Art Nouveau"},"content":{"rendered":"<p data-start=\"251\" data-end=\"378\">Secesn\u00ed sklo (Art Nouveau glass) ozna\u010duje dekorativn\u00ed sklo vyr\u00e1b\u011bn\u00e9 p\u0159ibli\u017en\u011b na p\u0159elomu 19. a 20. stolet\u00ed, kter\u00e9 se vyzna\u010duje o<strong data-start=\"381\" data-end=\"402\">rganick\u00fdmi tvary<\/strong> ,\u00a0<strong data-start=\"405\" data-end=\"418\">asymetri\u00ed a<\/strong>\u00a0<strong>p\u0159\u00edrodn\u00edmi motivy<\/strong> (kv\u011btiny, listy, stonky).<\/p>\n<p data-start=\"596\" data-end=\"725\">Tento styl reagoval na tradi\u010dn\u00ed historizuj\u00edc\u00ed formy a zd\u016fraznil estetiku plynul\u00fdch lini\u00ed a kr\u00e1sy ka\u017edodenn\u00edch p\u0159edm\u011bt\u016f.<\/p>\n<p data-start=\"596\" data-end=\"725\"><strong data-start=\"735\" data-end=\"781\">V\u00fdznam a historie secesn\u00edho skla v \u010cech\u00e1ch<\/strong><\/p>\n<p data-start=\"782\" data-end=\"988\">\u010cesk\u00e9 zem\u011b pat\u0159ily mezi centra sv\u011btov\u00e9ho skl\u00e1\u0159stv\u00ed ji\u017e dlouho p\u0159ed obdob\u00edm secese. Dostatek surovin a tradice v\u00fdroby skla z nich ud\u011blaly jedno z nejd\u016fle\u017eit\u011bj\u0161\u00edch m\u00edst v Evrop\u011b.<\/p>\n<p data-start=\"990\" data-end=\"1185\">B\u011bhem secesn\u00ed \u00e9ry kolem roku 1900 se \u010de\u0161t\u00ed v\u00fdrobci prosadili na mezin\u00e1rodn\u00edch v\u00fdstav\u00e1ch a na sv\u011btov\u00fdch trz\u00edch d\u00edky inovativn\u00edm technik\u00e1m a p\u016fsobiv\u00fdm dekor\u016fm.<\/p>\n<p data-start=\"990\" data-end=\"1185\"><strong>V\u00fdznamn\u00e9 \u010desk\u00e9 skl\u00e1rny a secesn\u00ed sklo &#8211; <\/strong><strong data-start=\"1242\" data-end=\"1289\">Joh. Loetz Witwe (Kl\u00e1\u0161tersk\u00fd Ml\u00fdn \/ \u0160umava). <\/strong><\/p>\n<p data-start=\"990\" data-end=\"1185\">Jedna z nejproslulej\u0161\u00edch secesn\u00edch skl\u00e1ren v \u010cech\u00e1ch. V\u00fdrobky z Kl\u00e1\u0161tersk\u00e9ho Ml\u00fdna jsou pova\u017eov\u00e1ny za <strong data-start=\"1398\" data-end=\"1433\">vrchol sv\u011btov\u00e9ho secesn\u00edho skla<\/strong> d\u00edky metalick\u00fdm irizac\u00edm a origin\u00e1ln\u00edm dekor\u016fm.\u00a0Secesn\u00ed v\u00e1zy a m\u00edsy z Loetze se dnes \u0159ad\u00ed k nejvyhled\u00e1van\u011bj\u0161\u00edm staro\u017eitnostem.<\/p>\n<p data-start=\"990\" data-end=\"1185\"><strong data-start=\"358\" data-end=\"371\">Rindskopf<\/strong> byla zna\u010dka firmy <em data-start=\"390\" data-end=\"415\">Josef Rindskopf\u2019s S\u00f6hne<\/em> (synov\u00e9 Joseph Rindskopf) \u2013 skl\u00e1rny se s\u00eddlem v Teplic\u00edch-\u0160anov\u011b, zalo\u017een\u00e9 v roce 1890. \u00a0Skl\u00e1rna provozovala n\u011bkolik z\u00e1vod\u016f (nap\u0159. Fanny v Duchcov\u011b, Joseph v Ko\u0161\u0165anech a Barbara v Msti\u0161ov\u011b) a vyr\u00e1b\u011bla \u0161irok\u00fd sortiment sklen\u011bn\u00fdch v\u00fdrobk\u016f od u\u017eitkov\u00e9ho po luxusn\u00ed dekorativn\u00ed sklo.<\/p>\n","protected":false},"excerpt":{"rendered":"<p>Secesn\u00ed sklo (Art Nouveau glass) ozna\u010duje dekorativn\u00ed sklo vyr\u00e1b\u011bn\u00e9 p\u0159ibli\u017en\u011b na p\u0159elomu 19. a 20. stolet\u00ed, kter\u00e9 se vyzna\u010duje organick\u00fdmi tvary a p\u0159\u00edrodn\u00edmi motivy.<\/p>\n","protected":false},"featured_media":120777,"comment_status":"closed","ping_status":"closed","template":"","meta":[],"product_brand":[],"product_cat":[118,121,117,150,147,111,125],"product_tag":[],"class_list":{"0":"post-120776","1":"product","2":"type-product","3":"status-publish","4":"has-post-thumbnail","6":"product_cat-art-nouveau","7":"product_cat-darky-pro-zeny","8":"product_cat-kolekce","9":"product_cat-premiove-sklenene-vazy","10":"product_cat-sklenene-vazy","11":"product_cat-tipy-na-darky","12":"product_cat-vanocni-darky","14":"first","15":"instock","16":"sale","17":"shipping-taxable","18":"purchasable","19":"product-type-simple"},"_links":{"self":[{"href":"https:\/\/test.esluzby.net\/index.php?rest_route=\/wp\/v2\/product\/120776","targetHints":{"allow":["GET"]}}],"collection":[{"href":"https:\/\/test.esluzby.net\/index.php?rest_route=\/wp\/v2\/product"}],"about":[{"href":"https:\/\/test.esluzby.net\/index.php?rest_route=\/wp\/v2\/types\/product"}],"replies":[{"embeddable":true,"href":"https:\/\/test.esluzby.net\/index.php?rest_route=%2Fwp%2Fv2%2Fcomments&post=120776"}],"version-history":[{"count":0,"href":"https:\/\/test.esluzby.net\/index.php?rest_route=\/wp\/v2\/product\/120776\/revisions"}],"wp:featuredmedia":[{"embeddable":true,"href":"https:\/\/test.esluzby.net\/index.php?rest_route=\/wp\/v2\/media\/120777"}],"wp:attachment":[{"href":"https:\/\/test.esluzby.net\/index.php?rest_route=%2Fwp%2Fv2%2Fmedia&parent=120776"}],"wp:term":[{"taxonomy":"product_brand","embeddable":true,"href":"https:\/\/test.esluzby.net\/index.php?rest_route=%2Fwp%2Fv2%2Fproduct_brand&post=120776"},{"taxonomy":"product_cat","embeddable":true,"href":"https:\/\/test.esluzby.net\/index.php?rest_route=%2Fwp%2Fv2%2Fproduct_cat&post=120776"},{"taxonomy":"product_tag","embeddable":true,"href":"https:\/\/test.esluzby.net\/index.php?rest_route=%2Fwp%2Fv2%2Fproduct_tag&post=120776"}],"curies":[{"name":"wp","href":"https:\/\/api.w.org\/{rel}","templated":true}]}}