{"id":124982,"date":"2026-01-21T11:31:21","date_gmt":"2026-01-21T10:31:21","guid":{"rendered":"https:\/\/test.esluzby.net\/?post_type=product&#038;p=124982"},"modified":"2026-02-19T10:33:40","modified_gmt":"2026-02-19T09:33:40","slug":"napojova-souprava-ananas-hobnail-12-lesni-zelena","status":"publish","type":"product","link":"https:\/\/test.esluzby.net\/?product=napojova-souprava-ananas-hobnail-12-lesni-zelena","title":{"rendered":"N\u00e1pojov\u00e1 souprava Ananas Hobnail 1+2- lesn\u00ed zelen\u00e1"},"content":{"rendered":"<p>Kolekce Hobnail \u2013 d\u0159\u00edve v \u010cech\u00e1ch zn\u00e1m\u00e1 jako Ananas \u2013 je v\u00fdjime\u010dn\u00e1 nejen sv\u00fdm osobit\u00fdm vzhledem, ale i bohatou histori\u00ed. Tento dekor se vyr\u00e1b\u011bl ji\u017e kolem roku 1880 ve skl\u00e1rn\u00e1ch na Teplicku a Novoborsku. V posledn\u00edch letech se stal op\u011bt \u017e\u00e1dan\u00fdm po cel\u00e9m sv\u011bt\u011b.<\/p>\n<p>D\u00edky jedine\u010dn\u00e9 technice optiky dok\u00e1\u017ee Hobnail \u2013 Ananas nejen zaujmout sv\u00fdm vzhledem, ale tak\u00e9 udr\u017eet n\u00e1poje v letn\u00edch dnech d\u00e9le chladn\u00e9.<\/p>\n<p>Ct\u00edme historii, z\u00e1rove\u0148 se sna\u017e\u00edme o roz\u0161\u00ed\u0159en\u00ed sortimentu s pou\u017eit\u00edm tohoto dekoru. V dochovan\u00fdch archivech jsou v tomto dekoru zmi\u0148ovan\u00e9 pouze d\u017eb\u00e1ny.<\/p>\n<p>N\u00e1pojov\u00fd set si zamilujete, bude se skv\u011ble vyj\u00edmat na Va\u0161em stole p\u0159i rodinn\u00fdch oslav\u00e1ch, p\u0159\u00edjemn\u00e9m posezen\u00ed s p\u0159\u00e1teli, ale i p\u0159i obchodn\u00edch sch\u016fzk\u00e1ch. V nab\u00eddce d\u017eb\u00e1n\u016f a sklenic z kolekce Hobnail si m\u016f\u017eete vybrat i z mnoha dal\u0161\u00edch barev.<\/p>\n<p>Souprava 1 d\u017eb\u00e1n\u00a0 2 sklenice<\/p>\n","protected":false},"excerpt":{"rendered":"<p>Souprava je praktick\u00fdm i elegantn\u00edm dopl\u0148kem. Slou\u017e\u00ed k serv\u00edrov\u00e1n\u00ed n\u00e1poj\u016f. Kvalitn\u00ed n\u00e1pojov\u00e1 souprava obsahuje karafu nebo d\u017eb\u00e1n a odpov\u00eddaj\u00edc\u00ed sklenice, kter\u00e9 spolu designov\u011b lad\u00ed.<\/p>\n","protected":false},"featured_media":124983,"comment_status":"closed","ping_status":"closed","template":"","meta":[],"product_brand":[],"product_cat":[142,145],"product_tag":[],"class_list":{"0":"post-124982","1":"product","2":"type-product","3":"status-publish","4":"has-post-thumbnail","6":"product_cat-hobnail-ananas","7":"product_cat-sklenene-soupravy","9":"first","10":"instock","11":"shipping-taxable","12":"purchasable","13":"product-type-simple"},"_links":{"self":[{"href":"https:\/\/test.esluzby.net\/index.php?rest_route=\/wp\/v2\/product\/124982","targetHints":{"allow":["GET"]}}],"collection":[{"href":"https:\/\/test.esluzby.net\/index.php?rest_route=\/wp\/v2\/product"}],"about":[{"href":"https:\/\/test.esluzby.net\/index.php?rest_route=\/wp\/v2\/types\/product"}],"replies":[{"embeddable":true,"href":"https:\/\/test.esluzby.net\/index.php?rest_route=%2Fwp%2Fv2%2Fcomments&post=124982"}],"version-history":[{"count":0,"href":"https:\/\/test.esluzby.net\/index.php?rest_route=\/wp\/v2\/product\/124982\/revisions"}],"wp:featuredmedia":[{"embeddable":true,"href":"https:\/\/test.esluzby.net\/index.php?rest_route=\/wp\/v2\/media\/124983"}],"wp:attachment":[{"href":"https:\/\/test.esluzby.net\/index.php?rest_route=%2Fwp%2Fv2%2Fmedia&parent=124982"}],"wp:term":[{"taxonomy":"product_brand","embeddable":true,"href":"https:\/\/test.esluzby.net\/index.php?rest_route=%2Fwp%2Fv2%2Fproduct_brand&post=124982"},{"taxonomy":"product_cat","embeddable":true,"href":"https:\/\/test.esluzby.net\/index.php?rest_route=%2Fwp%2Fv2%2Fproduct_cat&post=124982"},{"taxonomy":"product_tag","embeddable":true,"href":"https:\/\/test.esluzby.net\/index.php?rest_route=%2Fwp%2Fv2%2Fproduct_tag&post=124982"}],"curies":[{"name":"wp","href":"https:\/\/api.w.org\/{rel}","templated":true}]}}