{"id":125061,"date":"2026-01-23T10:24:24","date_gmt":"2026-01-23T09:24:24","guid":{"rendered":"https:\/\/test.esluzby.net\/?post_type=product&#038;p=125061"},"modified":"2026-02-19T10:33:41","modified_gmt":"2026-02-19T09:33:41","slug":"souprava-napojova-poly-beryl","status":"publish","type":"product","link":"https:\/\/test.esluzby.net\/?product=souprava-napojova-poly-beryl","title":{"rendered":"Souprava n\u00e1pojov\u00e1 &#8211; Poly &#8211; beryl"},"content":{"rendered":"<p data-start=\"0\" data-end=\"110\">\u201e<strong data-start=\"1\" data-end=\"22\">N\u00e1pojov\u00e1 souprava<\/strong>\u201c je<strong data-start=\"47\" data-end=\"88\"> ur\u010dena k pod\u00e1v\u00e1n\u00ed n\u00e1poj\u016f<\/strong>. Nej\u010dast\u011bji obsahuje d\u017eb\u00e1n nebo karafu a r\u016fzn\u00fd po\u010det sklenic. Li\u0161\u00ed se historick\u00fdmi styly podle obdob\u00ed Baroko, Rokoko, Klasicismus &#8211; Emp\u00edr, Secese, Atr Deco.<\/p>\n<p data-start=\"0\" data-end=\"110\">Na\u0161e skl\u00e1rna vyr\u00e1b\u00ed mnoho tvar\u016f, barev, design\u016f.<\/p>\n<p data-start=\"0\" data-end=\"110\">Kolekce Poly vyu\u017e\u00edv\u00e1 optick\u00e9 formy k vytv\u00e1\u0159en\u00ed <strong data-start=\"56\" data-end=\"92\">optick\u00fdch efekt\u016f na povrchu skla<\/strong> \u2013 zejm\u00e9na lom\u016f, odraz\u016f a hry sv\u011btla. Jde o formy, jejich\u017e <strong data-start=\"151\" data-end=\"186\">vnit\u0159n\u00ed povrch je strukturovan\u00fd<\/strong> (nikoli hladk\u00fd), tak\u017ee sklo po vyfouknut\u00ed nebo lisov\u00e1n\u00ed z\u00edsk\u00e1 charakteristick\u00fd dekor.<\/p>\n<p data-start=\"182\" data-end=\"212\">Podle ur\u010den\u00ed se pou\u017e\u00edvaj\u00ed <strong data-start=\"215\" data-end=\"237\">sklen\u011bnou soupravu<\/strong> na vodu nebo d\u017eus, v\u00edno a mu\u017ee byt i <strong data-start=\"371\" data-end=\"396\">designovou a d\u00e1rkovou<\/strong> soupravu<\/p>\n<p data-start=\"182\" data-end=\"212\">Kr\u00e1sn\u00fd d\u00e1rek pro ka\u017edou v\u00fdznamnou ud\u00e1lost va\u0161\u00edm bl\u00edzk\u00fdm nebo obchodn\u00edm partner\u016fm.<\/p>\n<p>Souprava obsahuje <strong>1<\/strong> D\u017eb\u00e1n a 6 sklenic<\/p>\n","protected":false},"excerpt":{"rendered":"<p>Souprava je praktick\u00fdm i elegantn\u00edm dopl\u0148kem. Slou\u017e\u00ed k serv\u00edrov\u00e1n\u00ed n\u00e1poj\u016f. Kvalitn\u00ed n\u00e1pojov\u00e1 souprava obsahuje karafu nebo d\u017eb\u00e1n a odpov\u00eddaj\u00edc\u00ed sklenice, kter\u00e9 spolu designov\u011b lad\u00ed.<\/p>\n","protected":false},"featured_media":125062,"comment_status":"closed","ping_status":"closed","template":"","meta":[],"product_brand":[],"product_cat":[159,145],"product_tag":[],"class_list":{"0":"post-125061","1":"product","2":"type-product","3":"status-publish","4":"has-post-thumbnail","6":"product_cat-poly","7":"product_cat-sklenene-soupravy","9":"first","10":"instock","11":"shipping-taxable","12":"purchasable","13":"product-type-simple"},"_links":{"self":[{"href":"https:\/\/test.esluzby.net\/index.php?rest_route=\/wp\/v2\/product\/125061","targetHints":{"allow":["GET"]}}],"collection":[{"href":"https:\/\/test.esluzby.net\/index.php?rest_route=\/wp\/v2\/product"}],"about":[{"href":"https:\/\/test.esluzby.net\/index.php?rest_route=\/wp\/v2\/types\/product"}],"replies":[{"embeddable":true,"href":"https:\/\/test.esluzby.net\/index.php?rest_route=%2Fwp%2Fv2%2Fcomments&post=125061"}],"version-history":[{"count":0,"href":"https:\/\/test.esluzby.net\/index.php?rest_route=\/wp\/v2\/product\/125061\/revisions"}],"wp:featuredmedia":[{"embeddable":true,"href":"https:\/\/test.esluzby.net\/index.php?rest_route=\/wp\/v2\/media\/125062"}],"wp:attachment":[{"href":"https:\/\/test.esluzby.net\/index.php?rest_route=%2Fwp%2Fv2%2Fmedia&parent=125061"}],"wp:term":[{"taxonomy":"product_brand","embeddable":true,"href":"https:\/\/test.esluzby.net\/index.php?rest_route=%2Fwp%2Fv2%2Fproduct_brand&post=125061"},{"taxonomy":"product_cat","embeddable":true,"href":"https:\/\/test.esluzby.net\/index.php?rest_route=%2Fwp%2Fv2%2Fproduct_cat&post=125061"},{"taxonomy":"product_tag","embeddable":true,"href":"https:\/\/test.esluzby.net\/index.php?rest_route=%2Fwp%2Fv2%2Fproduct_tag&post=125061"}],"curies":[{"name":"wp","href":"https:\/\/api.w.org\/{rel}","templated":true}]}}