{"id":126769,"date":"2026-02-02T17:53:45","date_gmt":"2026-02-02T16:53:45","guid":{"rendered":"https:\/\/test.esluzby.net\/?post_type=product&#038;p=126769"},"modified":"2026-02-19T10:33:58","modified_gmt":"2026-02-19T09:33:58","slug":"dzban-s-cinovym-zdobenim-art-nouveau","status":"publish","type":"product","link":"https:\/\/test.esluzby.net\/?product=dzban-s-cinovym-zdobenim-art-nouveau","title":{"rendered":"D\u017eb\u00e1n s c\u00ednov\u00fdm zdoben\u00edm &#8211; Art Nouveau"},"content":{"rendered":"<p data-start=\"119\" data-end=\"350\">Ru\u010dn\u011b vyr\u00e1b\u011bn\u00e9 sklo z na\u0161\u00ed skl\u00e1rny p\u0159edstavuje vrchol tradi\u010dn\u00edho \u010desk\u00e9ho skl\u00e1\u0159sk\u00e9ho um\u011bn\u00ed. Ka\u017ed\u00fd kus vznik\u00e1 v rukou zku\u0161en\u00fdch mistr\u016f, kte\u0159\u00ed s mimo\u0159\u00e1dnou pe\u010dlivost\u00ed tvaruj\u00ed sklo a dopl\u0148uj\u00ed jej precizn\u011b zpracovan\u00fdmi odlitky z c\u00ednu.<\/p>\n<p data-start=\"352\" data-end=\"574\">Harmonie k\u0159ehk\u00e9ho skla a u\u0161lechtil\u00e9ho kovu dod\u00e1v\u00e1 ka\u017ed\u00e9mu v\u00fdrobku osobit\u00fd charakter a nad\u010dasovou eleganci. D\u00edky ru\u010dn\u00ed v\u00fdrob\u011b je ka\u017ed\u00fd kus origin\u00e1lem, nesouc\u00edm v sob\u011b autenticitu, historii a v\u00fdjime\u010dnost poctiv\u00e9ho \u0159emesla.<\/p>\n<p data-start=\"576\" data-end=\"715\">Na\u0161e kolekce je ur\u010dena t\u011bm, kte\u0159\u00ed dok\u00e1\u017eou ocenit kvalitu, detail a kr\u00e1su tradi\u010dn\u00ed pr\u00e1ce, p\u0159etaven\u00e9 do luxusn\u00edho designu s trvalou hodnotou.<\/p>\n","protected":false},"excerpt":{"rendered":"<p>Exkluzivn\u00ed ru\u010dn\u011b vyr\u00e1b\u011bn\u00e9 sklo z \u010desk\u00e9 skl\u00e1rny, zdoben\u00e9 c\u00ednov\u00fdmi odlitky. Ka\u017ed\u00fd kus je origin\u00e1l, mistrovsky zpracovan\u00fd, s eleganc\u00ed a kvalitou tradi\u010dn\u00edho skl\u00e1\u0159sk\u00e9ho \u0159emesla. Luxusn\u00ed dekorace a d\u00e1rky s nad\u010dasovou hodnotou.<\/p>\n","protected":false},"featured_media":126770,"comment_status":"closed","ping_status":"closed","template":"","meta":[],"product_brand":[],"product_cat":[118,119],"product_tag":[],"class_list":{"0":"post-126769","1":"product","2":"type-product","3":"status-publish","4":"has-post-thumbnail","6":"product_cat-art-nouveau","7":"product_cat-sklenene-dzbany","9":"first","10":"instock","11":"shipping-taxable","12":"purchasable","13":"product-type-simple"},"_links":{"self":[{"href":"https:\/\/test.esluzby.net\/index.php?rest_route=\/wp\/v2\/product\/126769","targetHints":{"allow":["GET"]}}],"collection":[{"href":"https:\/\/test.esluzby.net\/index.php?rest_route=\/wp\/v2\/product"}],"about":[{"href":"https:\/\/test.esluzby.net\/index.php?rest_route=\/wp\/v2\/types\/product"}],"replies":[{"embeddable":true,"href":"https:\/\/test.esluzby.net\/index.php?rest_route=%2Fwp%2Fv2%2Fcomments&post=126769"}],"version-history":[{"count":0,"href":"https:\/\/test.esluzby.net\/index.php?rest_route=\/wp\/v2\/product\/126769\/revisions"}],"wp:featuredmedia":[{"embeddable":true,"href":"https:\/\/test.esluzby.net\/index.php?rest_route=\/wp\/v2\/media\/126770"}],"wp:attachment":[{"href":"https:\/\/test.esluzby.net\/index.php?rest_route=%2Fwp%2Fv2%2Fmedia&parent=126769"}],"wp:term":[{"taxonomy":"product_brand","embeddable":true,"href":"https:\/\/test.esluzby.net\/index.php?rest_route=%2Fwp%2Fv2%2Fproduct_brand&post=126769"},{"taxonomy":"product_cat","embeddable":true,"href":"https:\/\/test.esluzby.net\/index.php?rest_route=%2Fwp%2Fv2%2Fproduct_cat&post=126769"},{"taxonomy":"product_tag","embeddable":true,"href":"https:\/\/test.esluzby.net\/index.php?rest_route=%2Fwp%2Fv2%2Fproduct_tag&post=126769"}],"curies":[{"name":"wp","href":"https:\/\/api.w.org\/{rel}","templated":true}]}}