{"id":129518,"date":"2025-07-14T16:45:51","date_gmt":"2025-07-14T14:45:51","guid":{"rendered":"https:\/\/test.esluzby.net\/?post_type=product&#038;p=129518"},"modified":"2026-02-19T10:31:48","modified_gmt":"2026-02-19T09:31:48","slug":"misa-karo-uranova-zelen-2-2","status":"publish","type":"product","link":"https:\/\/test.esluzby.net\/?product=misa-karo-uranova-zelen-2-2","title":{"rendered":"M\u00edsa K\u00e1ro uranov\u00e1 zele\u0148"},"content":{"rendered":"","protected":false},"excerpt":{"rendered":"<p>Kolekce \u201eK\u00e1ro\u201c je v\u00fdjime\u010dn\u00e1 nejen sv\u00fdm vzhledem, ale i histori\u00ed. Pro jej\u00ed tvorbu se vyu\u017e\u00edvaj\u00ed optick\u00e9 formy, kter\u00e9 se pou\u017e\u00edvaly ji\u017e od po\u010d\u00e1tku skl\u00e1\u0159stv\u00ed v \u010desk\u00fdch zem\u00edch. Ty se postupn\u011b zdokonalovaly a p\u0159izp\u016fsobovaly st\u00e1le slo\u017eit\u011bj\u0161\u00edm dekor\u016fm. A jednou z optik, kter\u00e1 se zachovala dodnes, je pr\u00e1v\u011b v tomto dekoru, zvan\u00e9m \u201cK\u00e1ro\u201d.Kolekce je v na\u0161em portfoliu produkt\u016f naprostou novinkou. Vyr\u00e1b\u00edme produkty od d\u017eb\u00e1n\u016f, p\u0159es r\u016fzn\u00e9 misky a skleni\u010dky, a\u017e po petrolejov\u00e9 lampy. A to v\u0161e ve v\u00edce ne\u017e 10 barv\u00e1ch. Na sv\u00e9 si tedy p\u0159ijdou v\u0161ichni milovn\u00edci kvalitn\u00edho a origin\u00e1ln\u00edho skla. Barva se naz\u00fdv\u00e1 uranov\u00fd beryl. Nejv\u011bt\u0161\u00ed zaj\u00edmavost\u00ed tohoto skla je \u017ee pod UV sv\u011btlem sklo z\u00e1\u0159\u00ed a zm\u011bn\u00ed barvu.<\/p>\n","protected":false},"featured_media":101145,"comment_status":"closed","ping_status":"closed","template":"","meta":[],"product_brand":[],"product_cat":[142,117,124,111],"product_tag":[],"class_list":{"0":"post-129518","1":"product","2":"type-product","3":"status-publish","4":"has-post-thumbnail","6":"product_cat-hobnail-ananas","7":"product_cat-kolekce","8":"product_cat-sklenene-misy","9":"product_cat-tipy-na-darky","11":"first","12":"outofstock","13":"shipping-taxable","14":"purchasable","15":"product-type-simple"},"_links":{"self":[{"href":"https:\/\/test.esluzby.net\/index.php?rest_route=\/wp\/v2\/product\/129518","targetHints":{"allow":["GET"]}}],"collection":[{"href":"https:\/\/test.esluzby.net\/index.php?rest_route=\/wp\/v2\/product"}],"about":[{"href":"https:\/\/test.esluzby.net\/index.php?rest_route=\/wp\/v2\/types\/product"}],"replies":[{"embeddable":true,"href":"https:\/\/test.esluzby.net\/index.php?rest_route=%2Fwp%2Fv2%2Fcomments&post=129518"}],"version-history":[{"count":0,"href":"https:\/\/test.esluzby.net\/index.php?rest_route=\/wp\/v2\/product\/129518\/revisions"}],"wp:featuredmedia":[{"embeddable":true,"href":"https:\/\/test.esluzby.net\/index.php?rest_route=\/wp\/v2\/media\/101145"}],"wp:attachment":[{"href":"https:\/\/test.esluzby.net\/index.php?rest_route=%2Fwp%2Fv2%2Fmedia&parent=129518"}],"wp:term":[{"taxonomy":"product_brand","embeddable":true,"href":"https:\/\/test.esluzby.net\/index.php?rest_route=%2Fwp%2Fv2%2Fproduct_brand&post=129518"},{"taxonomy":"product_cat","embeddable":true,"href":"https:\/\/test.esluzby.net\/index.php?rest_route=%2Fwp%2Fv2%2Fproduct_cat&post=129518"},{"taxonomy":"product_tag","embeddable":true,"href":"https:\/\/test.esluzby.net\/index.php?rest_route=%2Fwp%2Fv2%2Fproduct_tag&post=129518"}],"curies":[{"name":"wp","href":"https:\/\/api.w.org\/{rel}","templated":true}]}}