{"id":53812,"date":"2020-05-26T10:10:04","date_gmt":"2020-05-26T08:10:04","guid":{"rendered":"http:\/\/florianovahut.agenturamaveb.cz\/product\/dekantni-karafa-3\/"},"modified":"2026-02-19T10:13:43","modified_gmt":"2026-02-19T09:13:43","slug":"dekantni-karafa-3","status":"publish","type":"product","link":"https:\/\/test.esluzby.net\/?product=dekantni-karafa-3","title":{"rendered":"Dekant\u00e9r &#8211; karafa 0,75l &#8211; Krakle &#8211; lesn\u00ed zelen\u00e1"},"content":{"rendered":"<p>Kolekce Krakle je v\u00fdjime\u010dn\u00e1 nejen sv\u00fdm vzhledem, ale i histori\u00ed.\u00a0 Pro jej\u00ed tvorbu se vyu\u017e\u00edvaj\u00ed optick\u00e9 formy, kter\u00e9 se pou\u017e\u00edvaly ji\u017e od po\u010d\u00e1tku skl\u00e1\u0159stv\u00ed v \u010desk\u00fdch zem\u00edch. Ty se postupn\u011b zdokonalovaly a p\u0159izp\u016fsobovaly st\u00e1le slo\u017eit\u011bj\u0161\u00edm dekor\u016fm.<\/p>\n<p>Kraklov\u00e1n\u00ed skla je velmi star\u00e1 technika, kter\u00e1 sah\u00e1 a\u017e do starov\u011bku, i kdy\u017e jej\u00ed popularita kol\u00edsala podle obdob\u00ed a regionu. Dnes je ale toto sklo velmi obl\u00edben\u00e9. Kraklov\u00e1n\u00ed je efekt, kter\u00fd p\u0159ipom\u00edn\u00e1 popraskan\u00fd led nebo star\u00e9 zrcadlo.<\/p>\n<p>Karafa je vyrobena ru\u010dn\u00ed technikou fouk\u00e1n\u00ed do d\u0159ev\u011bn\u00e9 formy zdoben\u00e1 optick\u00fdm efektem. Je vhodn\u00fdm dopl\u0148kem na slavnostn\u00ed st\u016fl, ale i k b\u011b\u017en\u00e9mu pou\u017eit\u00ed. Pou\u017e\u00edt ji m\u016f\u017eete na v\u00edno \u010di dom\u00e1c\u00ed limon\u00e1dy. M\u016f\u017ee slou\u017eit i jako v\u00e1za na kv\u011btiny nebo samostatn\u00e1 dekorace. Bude tak\u00e9 skv\u011bl\u00fdm d\u00e1rkem k narozenin\u00e1m nebo svatb\u011b. Pro ty, kte\u0159\u00ed cht\u011bj\u00ed m\u00edt na stole n\u011bco kr\u00e1sn\u00e9ho a funk\u010dn\u00edho z\u00e1rove\u0148.<\/p>\n","protected":false},"excerpt":{"rendered":"<p>V dekoru Krakle vyr\u00e1b\u00edme produkty od d\u017eb\u00e1n\u016f, p\u0159es r\u016fzn\u00e9 misky a skleni\u010dky, a\u017e po petrolejov\u00e9 lampy. Tento dekor\u00a0oslov\u00ed v\u0161echny, kte\u0159\u00ed si cen\u00ed kr\u00e1sy a originality skla.<\/p>\n","protected":false},"featured_media":81635,"comment_status":"closed","ping_status":"closed","template":"","meta":[],"product_brand":[],"product_cat":[117,123],"product_tag":[],"class_list":{"0":"post-53812","1":"product","2":"type-product","3":"status-publish","4":"has-post-thumbnail","6":"product_cat-kolekce","7":"product_cat-lahve-a-karafy","9":"first","10":"instock","11":"shipping-taxable","12":"purchasable","13":"product-type-simple"},"_links":{"self":[{"href":"https:\/\/test.esluzby.net\/index.php?rest_route=\/wp\/v2\/product\/53812","targetHints":{"allow":["GET"]}}],"collection":[{"href":"https:\/\/test.esluzby.net\/index.php?rest_route=\/wp\/v2\/product"}],"about":[{"href":"https:\/\/test.esluzby.net\/index.php?rest_route=\/wp\/v2\/types\/product"}],"replies":[{"embeddable":true,"href":"https:\/\/test.esluzby.net\/index.php?rest_route=%2Fwp%2Fv2%2Fcomments&post=53812"}],"version-history":[{"count":0,"href":"https:\/\/test.esluzby.net\/index.php?rest_route=\/wp\/v2\/product\/53812\/revisions"}],"wp:featuredmedia":[{"embeddable":true,"href":"https:\/\/test.esluzby.net\/index.php?rest_route=\/wp\/v2\/media\/81635"}],"wp:attachment":[{"href":"https:\/\/test.esluzby.net\/index.php?rest_route=%2Fwp%2Fv2%2Fmedia&parent=53812"}],"wp:term":[{"taxonomy":"product_brand","embeddable":true,"href":"https:\/\/test.esluzby.net\/index.php?rest_route=%2Fwp%2Fv2%2Fproduct_brand&post=53812"},{"taxonomy":"product_cat","embeddable":true,"href":"https:\/\/test.esluzby.net\/index.php?rest_route=%2Fwp%2Fv2%2Fproduct_cat&post=53812"},{"taxonomy":"product_tag","embeddable":true,"href":"https:\/\/test.esluzby.net\/index.php?rest_route=%2Fwp%2Fv2%2Fproduct_tag&post=53812"}],"curies":[{"name":"wp","href":"https:\/\/api.w.org\/{rel}","templated":true}]}}