{"id":53934,"date":"2022-12-12T10:11:01","date_gmt":"2022-12-12T09:11:01","guid":{"rendered":"http:\/\/florianovahut.agenturamaveb.cz\/product\/stinidlo-petrolejova-lampa-3\/"},"modified":"2026-02-19T10:13:52","modified_gmt":"2026-02-19T09:13:52","slug":"sirm-stinidlo-lesni-zelena-0190-1201-12","status":"publish","type":"product","link":"https:\/\/test.esluzby.net\/?product=sirm-stinidlo-lesni-zelena-0190-1201-12","title":{"rendered":"St\u00ednidlo (\u0161irm) &#8211; lesn\u00ed zelen\u00e1 190 mm"},"content":{"rendered":"","protected":false},"excerpt":{"rendered":"<p>\u0160irm &#8211; st\u00ednidlo &#8211; dopln\u011bk k petrolejov\u00fdm lamp\u00e1m, kter\u00fd um\u00ed navodit kr\u00e1snou atmosf\u00e9ru a lampu ud\u011bl\u00e1 zaj\u00edmav\u011bj\u0161\u00ed. Typick\u00e1 v\u00fdroba \u010desk\u00e9ho skla &#8211; ru\u010dn\u00ed pr\u00e1ce. Uveden\u00fd rozm\u011br st\u00ednidla je pr\u016fm\u011br spodn\u00ed \u010d\u00e1sti, kter\u00e1 se pasuje do dr\u017e\u00e1ku \u0161irmu.<\/p>\n","protected":false},"featured_media":81656,"comment_status":"closed","ping_status":"closed","template":"","meta":[],"product_brand":[],"product_cat":[130],"product_tag":[],"class_list":{"0":"post-53934","1":"product","2":"type-product","3":"status-publish","4":"has-post-thumbnail","6":"product_cat-komponenty-k-lampam","8":"first","9":"outofstock","10":"shipping-taxable","11":"purchasable","12":"product-type-simple"},"_links":{"self":[{"href":"https:\/\/test.esluzby.net\/index.php?rest_route=\/wp\/v2\/product\/53934","targetHints":{"allow":["GET"]}}],"collection":[{"href":"https:\/\/test.esluzby.net\/index.php?rest_route=\/wp\/v2\/product"}],"about":[{"href":"https:\/\/test.esluzby.net\/index.php?rest_route=\/wp\/v2\/types\/product"}],"replies":[{"embeddable":true,"href":"https:\/\/test.esluzby.net\/index.php?rest_route=%2Fwp%2Fv2%2Fcomments&post=53934"}],"version-history":[{"count":0,"href":"https:\/\/test.esluzby.net\/index.php?rest_route=\/wp\/v2\/product\/53934\/revisions"}],"wp:featuredmedia":[{"embeddable":true,"href":"https:\/\/test.esluzby.net\/index.php?rest_route=\/wp\/v2\/media\/81656"}],"wp:attachment":[{"href":"https:\/\/test.esluzby.net\/index.php?rest_route=%2Fwp%2Fv2%2Fmedia&parent=53934"}],"wp:term":[{"taxonomy":"product_brand","embeddable":true,"href":"https:\/\/test.esluzby.net\/index.php?rest_route=%2Fwp%2Fv2%2Fproduct_brand&post=53934"},{"taxonomy":"product_cat","embeddable":true,"href":"https:\/\/test.esluzby.net\/index.php?rest_route=%2Fwp%2Fv2%2Fproduct_cat&post=53934"},{"taxonomy":"product_tag","embeddable":true,"href":"https:\/\/test.esluzby.net\/index.php?rest_route=%2Fwp%2Fv2%2Fproduct_tag&post=53934"}],"curies":[{"name":"wp","href":"https:\/\/api.w.org\/{rel}","templated":true}]}}