{"id":54064,"date":"2020-05-26T10:12:15","date_gmt":"2020-05-26T08:12:15","guid":{"rendered":"http:\/\/florianovahut.agenturamaveb.cz\/product\/stinidlo-cylindr-7\/"},"modified":"2026-02-19T10:14:02","modified_gmt":"2026-02-19T09:14:02","slug":"stinidlo-cylindr-50225","status":"publish","type":"product","link":"https:\/\/test.esluzby.net\/?product=stinidlo-cylindr-50225","title":{"rendered":"Cylindr &#8211; pr\u016fm\u011br 50 mm \u00d7 225 mm"},"content":{"rendered":"","protected":false},"excerpt":{"rendered":"<p>Cylindr je vyroben z tenkost\u011bnn\u00e9ho borosilik\u00e1tov\u00e9ho skla, tento materi\u00e1l vykazuje velkou teplotn\u00ed odolnost a hou\u017eevnatost proti prask\u00e1n\u00ed p\u0159i styku s plamenem. Cylindr podporuje efektivn\u00ed ho\u0159en\u00ed, udr\u017euje optim\u00e1ln\u00ed tvar plamene a chr\u00e1n\u00ed jej p\u0159ed pov\u011btrnostn\u00edmi vlivy. Pozor cylindr je p\u0159i pou\u017e\u00edv\u00e1n\u00ed velmi hork\u00fd. Cylindr pravideln\u011b \u010dist\u011bte such\u00fdm m\u011bkk\u00fdm hadrem. Pou\u017e\u00edt lze v kombinaci s ho\u0159\u00e1kem \u010d.2 , dr\u017e\u00e1kem st\u00ednidla 200 mm a \u0161irmem 190 mm.<\/p>\n","protected":false},"featured_media":81687,"comment_status":"closed","ping_status":"closed","template":"","meta":[],"product_brand":[],"product_cat":[132],"product_tag":[],"class_list":{"0":"post-54064","1":"product","2":"type-product","3":"status-publish","4":"has-post-thumbnail","6":"product_cat-nahradni-dily-k-lampam","8":"first","9":"outofstock","10":"shipping-taxable","11":"purchasable","12":"product-type-simple"},"_links":{"self":[{"href":"https:\/\/test.esluzby.net\/index.php?rest_route=\/wp\/v2\/product\/54064","targetHints":{"allow":["GET"]}}],"collection":[{"href":"https:\/\/test.esluzby.net\/index.php?rest_route=\/wp\/v2\/product"}],"about":[{"href":"https:\/\/test.esluzby.net\/index.php?rest_route=\/wp\/v2\/types\/product"}],"replies":[{"embeddable":true,"href":"https:\/\/test.esluzby.net\/index.php?rest_route=%2Fwp%2Fv2%2Fcomments&post=54064"}],"version-history":[{"count":0,"href":"https:\/\/test.esluzby.net\/index.php?rest_route=\/wp\/v2\/product\/54064\/revisions"}],"wp:featuredmedia":[{"embeddable":true,"href":"https:\/\/test.esluzby.net\/index.php?rest_route=\/wp\/v2\/media\/81687"}],"wp:attachment":[{"href":"https:\/\/test.esluzby.net\/index.php?rest_route=%2Fwp%2Fv2%2Fmedia&parent=54064"}],"wp:term":[{"taxonomy":"product_brand","embeddable":true,"href":"https:\/\/test.esluzby.net\/index.php?rest_route=%2Fwp%2Fv2%2Fproduct_brand&post=54064"},{"taxonomy":"product_cat","embeddable":true,"href":"https:\/\/test.esluzby.net\/index.php?rest_route=%2Fwp%2Fv2%2Fproduct_cat&post=54064"},{"taxonomy":"product_tag","embeddable":true,"href":"https:\/\/test.esluzby.net\/index.php?rest_route=%2Fwp%2Fv2%2Fproduct_tag&post=54064"}],"curies":[{"name":"wp","href":"https:\/\/api.w.org\/{rel}","templated":true}]}}