{"id":63582,"date":"2023-04-05T14:48:25","date_gmt":"2023-04-05T12:48:25","guid":{"rendered":"https:\/\/florianovahut.com\/?post_type=product&#038;p=63582"},"modified":"2026-02-19T10:15:09","modified_gmt":"2026-02-19T09:15:09","slug":"skleneny-kamen-2-cakra","status":"publish","type":"product","link":"https:\/\/test.esluzby.net\/?product=skleneny-kamen-2-cakra","title":{"rendered":"K\u00e1men &#8211; 2.\u010dakra"},"content":{"rendered":"","protected":false},"excerpt":{"rendered":"<p>2.\u010dakra &#8211; sakr\u00e1ln\u00ed\/sexu\u00e1ln\u00ed. Harmonick\u00e1 funkce: Tvo\u0159ivost, p\u0159izp\u016fsobivost, spokojen\u00e9 partnersk\u00e9 vztahy, p\u0159ijet\u00ed sebe jako mu\u017ee\/\u017eeny, sebe\u00facta.<br \/>\n1.\u010dakra ko\u0159enov\u00e1 &#8211; Harmonick\u00e1 funkce: Stabilita, uzemn\u011bn\u00ed, prosperita, psychick\u00e9 zdrav\u00ed, sebev\u011bdom\u00ed.2.\u010dakra sakr\u00e1ln\u00ed\/sexu\u00e1ln\u00ed &#8211; Harmonick\u00e1 funkce: Tvo\u0159ivost, p\u0159izp\u016fsobivost, spokojen\u00e9 partnersk\u00e9 vztahy, p\u0159ijet\u00ed sebe jako mu\u017ee\/\u017eeny, sebe\u00facta.3.\u010dakra solar plexu &#8211; Harmonick\u00e1 funkce: Voln\u00e9 projevov\u00e1n\u00ed vlastn\u00edch pocit\u016f, radost ze \u017eivota, vnit\u0159n\u00ed harmonie, vitalita, schopnost prosadit se, realizovat.4. \u010dakra srde\u010dn\u00ed &#8211; Harmonick\u00e1 funkce: Vyrovnanost, citovost, otev\u0159enost, rovnov\u00e1ha mezi d\u00e1v\u00e1n\u00edm a p\u0159ij\u00edm\u00e1n\u00edm, soucit, odpu\u0161t\u011bn\u00ed.5. \u010dakra kr\u010dn\u00ed &#8211; Harmonick\u00e1 funkce: Jasn\u00e1 a voln\u00e1 komunikace, tvo\u0159ivost, vn\u00edmamovost, komunikace mezi duchovn\u00edm a fyzick\u00fdm sv\u011btem.6. \u010dakra t\u0159et\u00ed oko &#8211; Harmonick\u00e1 funkce: Kreativita, inteligence, rozhled, dobr\u00e1 intuice, p\u0159edstavivost a vn\u00edmavost, radost.7. \u010dakra korunn\u00ed &#8211; Harmonick\u00e1 funkce: Moudrost, duchovn\u00ed spojen\u00ed, \u010dir\u00e9 byt\u00ed, sjednocen\u00ed s vy\u0161\u0161\u00edm byt\u00edm, otev\u0159enost v\u016f\u010di energi\u00edm.<\/p>\n","protected":false},"featured_media":81838,"comment_status":"closed","ping_status":"closed","template":"","meta":[],"product_brand":[],"product_cat":[121,146,125],"product_tag":[],"class_list":{"0":"post-63582","1":"product","2":"type-product","3":"status-publish","4":"has-post-thumbnail","6":"product_cat-darky-pro-zeny","7":"product_cat-sklenena-tezitka-a-olejove-lampy","8":"product_cat-vanocni-darky","10":"first","11":"instock","12":"shipping-taxable","13":"purchasable","14":"product-type-simple"},"_links":{"self":[{"href":"https:\/\/test.esluzby.net\/index.php?rest_route=\/wp\/v2\/product\/63582","targetHints":{"allow":["GET"]}}],"collection":[{"href":"https:\/\/test.esluzby.net\/index.php?rest_route=\/wp\/v2\/product"}],"about":[{"href":"https:\/\/test.esluzby.net\/index.php?rest_route=\/wp\/v2\/types\/product"}],"replies":[{"embeddable":true,"href":"https:\/\/test.esluzby.net\/index.php?rest_route=%2Fwp%2Fv2%2Fcomments&post=63582"}],"version-history":[{"count":0,"href":"https:\/\/test.esluzby.net\/index.php?rest_route=\/wp\/v2\/product\/63582\/revisions"}],"wp:featuredmedia":[{"embeddable":true,"href":"https:\/\/test.esluzby.net\/index.php?rest_route=\/wp\/v2\/media\/81838"}],"wp:attachment":[{"href":"https:\/\/test.esluzby.net\/index.php?rest_route=%2Fwp%2Fv2%2Fmedia&parent=63582"}],"wp:term":[{"taxonomy":"product_brand","embeddable":true,"href":"https:\/\/test.esluzby.net\/index.php?rest_route=%2Fwp%2Fv2%2Fproduct_brand&post=63582"},{"taxonomy":"product_cat","embeddable":true,"href":"https:\/\/test.esluzby.net\/index.php?rest_route=%2Fwp%2Fv2%2Fproduct_cat&post=63582"},{"taxonomy":"product_tag","embeddable":true,"href":"https:\/\/test.esluzby.net\/index.php?rest_route=%2Fwp%2Fv2%2Fproduct_tag&post=63582"}],"curies":[{"name":"wp","href":"https:\/\/api.w.org\/{rel}","templated":true}]}}