{"id":70349,"date":"2021-08-03T16:42:49","date_gmt":"2021-08-03T14:42:49","guid":{"rendered":"https:\/\/florianovahut.com\/?post_type=product&#038;p=70349"},"modified":"2026-02-19T10:15:51","modified_gmt":"2026-02-19T09:15:51","slug":"skleneny-tuplak-5150-krakle","status":"publish","type":"product","link":"https:\/\/test.esluzby.net\/?product=skleneny-tuplak-5150-krakle","title":{"rendered":"Sklen\u011bn\u00fd tupl\u00e1k"},"content":{"rendered":"","protected":false},"excerpt":{"rendered":"<p>P\u016fllitry jsou barveny oxidem \u017eeleza,v\u0161echny lze zdobit ryt\u00edm,malov\u00e1n\u00edm,vypalovac\u00edm obtiskem,c\u00ednovou plaketou,c\u00ednovou ozdobou,nebo opat\u0159it c\u00ednov\u00fdm v\u00ed\u010dkem Jedn\u00e1 se o typickou ru\u010dn\u00ed v\u00fdrobu \u010desk\u00e9ho sklafoukan\u00e9ho v na\u0161em glass studiu.\u010cesk\u00e9Sklocel\u00fd sv\u011bt zn\u00e1,jako Glass-Bohemia.Jedn\u00e1 se o sklo sodno -draseln\u00e9 m\u00e1 velk\u00fd lesk a kr\u00e1sn\u00fd zvuk.<\/p>\n","protected":false},"featured_media":81924,"comment_status":"closed","ping_status":"closed","template":"","meta":[],"product_brand":[],"product_cat":[138],"product_tag":[],"class_list":{"0":"post-70349","1":"product","2":"type-product","3":"status-publish","4":"has-post-thumbnail","6":"product_cat-skleneny-pullitr","8":"first","9":"outofstock","10":"shipping-taxable","11":"purchasable","12":"product-type-simple"},"_links":{"self":[{"href":"https:\/\/test.esluzby.net\/index.php?rest_route=\/wp\/v2\/product\/70349","targetHints":{"allow":["GET"]}}],"collection":[{"href":"https:\/\/test.esluzby.net\/index.php?rest_route=\/wp\/v2\/product"}],"about":[{"href":"https:\/\/test.esluzby.net\/index.php?rest_route=\/wp\/v2\/types\/product"}],"replies":[{"embeddable":true,"href":"https:\/\/test.esluzby.net\/index.php?rest_route=%2Fwp%2Fv2%2Fcomments&post=70349"}],"version-history":[{"count":0,"href":"https:\/\/test.esluzby.net\/index.php?rest_route=\/wp\/v2\/product\/70349\/revisions"}],"wp:featuredmedia":[{"embeddable":true,"href":"https:\/\/test.esluzby.net\/index.php?rest_route=\/wp\/v2\/media\/81924"}],"wp:attachment":[{"href":"https:\/\/test.esluzby.net\/index.php?rest_route=%2Fwp%2Fv2%2Fmedia&parent=70349"}],"wp:term":[{"taxonomy":"product_brand","embeddable":true,"href":"https:\/\/test.esluzby.net\/index.php?rest_route=%2Fwp%2Fv2%2Fproduct_brand&post=70349"},{"taxonomy":"product_cat","embeddable":true,"href":"https:\/\/test.esluzby.net\/index.php?rest_route=%2Fwp%2Fv2%2Fproduct_cat&post=70349"},{"taxonomy":"product_tag","embeddable":true,"href":"https:\/\/test.esluzby.net\/index.php?rest_route=%2Fwp%2Fv2%2Fproduct_tag&post=70349"}],"curies":[{"name":"wp","href":"https:\/\/api.w.org\/{rel}","templated":true}]}}