{"id":89401,"date":"2023-04-27T11:41:21","date_gmt":"2023-04-27T09:41:21","guid":{"rendered":"https:\/\/test.esluzby.net\/?post_type=product&#038;p=89401"},"modified":"2026-02-19T10:25:55","modified_gmt":"2026-02-19T09:25:55","slug":"olejova-lampa-bila","status":"publish","type":"product","link":"https:\/\/test.esluzby.net\/?product=olejova-lampa-bila","title":{"rendered":"Olejov\u00e1 lampa"},"content":{"rendered":"","protected":false},"excerpt":{"rendered":"<p>Olejov\u00e1 lampa &#8211; ru\u010dn\u011b tvarovan\u00e1, ka\u017ed\u00e1 lampa m\u00e1 jin\u00fd objem &#8211; jin\u00fd rozm\u011br vnit\u0159n\u00edho prostoru pro lampov\u00fd olej. Ka\u017ed\u00e1 lampa je origin\u00e1l jak sv\u00fdm tvarem, tak barevn\u00fdm proveden\u00edm, nelze nikdy vyrobit 2 pln\u011b identick\u00e9 kusy. Olejovou lampu odes\u00edl\u00e1me dle fotografie &#8211; s knotem i vodi\u010dem knotu ze simax skla, kter\u00fd chr\u00e1n\u00ed lampu proti zah\u0159\u00e1t\u00ed.<\/p>\n","protected":false},"featured_media":89402,"comment_status":"closed","ping_status":"closed","template":"","meta":[],"product_brand":[],"product_cat":[146],"product_tag":[],"class_list":{"0":"post-89401","1":"product","2":"type-product","3":"status-publish","4":"has-post-thumbnail","6":"product_cat-sklenena-tezitka-a-olejove-lampy","8":"first","9":"instock","10":"shipping-taxable","11":"purchasable","12":"product-type-simple"},"_links":{"self":[{"href":"https:\/\/test.esluzby.net\/index.php?rest_route=\/wp\/v2\/product\/89401","targetHints":{"allow":["GET"]}}],"collection":[{"href":"https:\/\/test.esluzby.net\/index.php?rest_route=\/wp\/v2\/product"}],"about":[{"href":"https:\/\/test.esluzby.net\/index.php?rest_route=\/wp\/v2\/types\/product"}],"replies":[{"embeddable":true,"href":"https:\/\/test.esluzby.net\/index.php?rest_route=%2Fwp%2Fv2%2Fcomments&post=89401"}],"version-history":[{"count":0,"href":"https:\/\/test.esluzby.net\/index.php?rest_route=\/wp\/v2\/product\/89401\/revisions"}],"wp:featuredmedia":[{"embeddable":true,"href":"https:\/\/test.esluzby.net\/index.php?rest_route=\/wp\/v2\/media\/89402"}],"wp:attachment":[{"href":"https:\/\/test.esluzby.net\/index.php?rest_route=%2Fwp%2Fv2%2Fmedia&parent=89401"}],"wp:term":[{"taxonomy":"product_brand","embeddable":true,"href":"https:\/\/test.esluzby.net\/index.php?rest_route=%2Fwp%2Fv2%2Fproduct_brand&post=89401"},{"taxonomy":"product_cat","embeddable":true,"href":"https:\/\/test.esluzby.net\/index.php?rest_route=%2Fwp%2Fv2%2Fproduct_cat&post=89401"},{"taxonomy":"product_tag","embeddable":true,"href":"https:\/\/test.esluzby.net\/index.php?rest_route=%2Fwp%2Fv2%2Fproduct_tag&post=89401"}],"curies":[{"name":"wp","href":"https:\/\/api.w.org\/{rel}","templated":true}]}}