{"id":93958,"date":"2023-12-17T16:46:29","date_gmt":"2023-12-17T15:46:29","guid":{"rendered":"https:\/\/test.esluzby.net\/?post_type=product&#038;p=93958"},"modified":"2026-02-19T10:28:29","modified_gmt":"2026-02-19T09:28:29","slug":"souprava-na-napoje","status":"publish","type":"product","link":"https:\/\/test.esluzby.net\/?product=souprava-na-napoje","title":{"rendered":"Souprava na n\u00e1poje &#8211; Krakle &#8211; lesn\u00ed zelen\u00e1"},"content":{"rendered":"<p data-start=\"0\" data-end=\"110\">\u201e<strong data-start=\"1\" data-end=\"22\">N\u00e1pojov\u00e1 souprava<\/strong>\u201c je<strong data-start=\"47\" data-end=\"88\"> ur\u010dena k pod\u00e1v\u00e1n\u00ed n\u00e1poj\u016f<\/strong>. Nej\u010dast\u011bji obsahuje d\u017eb\u00e1n nebo karafu a r\u016fzn\u00fd po\u010det sklenic. Li\u0161\u00ed se historick\u00fdmi styly podle obdob\u00ed Baroko, Rokoko, Klasicismus &#8211; Emp\u00edr, Secese, Atr Deco.<\/p>\n<p data-start=\"0\" data-end=\"110\">Na\u0161e skl\u00e1rna vyr\u00e1b\u00ed mnoho tvar\u016f, barev, design\u016f.<\/p>\n<p data-start=\"0\" data-end=\"110\">Kolekce Krakle vyu\u017e\u00edv\u00e1 k vytv\u00e1\u0159en\u00ed <strong data-start=\"56\" data-end=\"92\">optick\u00fdch efekt\u016f na povrchu skla<\/strong> namo\u010den\u00ed \u017ehav\u00e9ho skla do vody \u2013 z\u00edsk\u00e1v\u00e1me t\u00edm zejm\u00e9na lom\u016f, odraz\u016f a hry sv\u011btla. Jde o efekt, jejich\u017e <strong data-start=\"151\" data-end=\"186\">vnit\u0159n\u00ed povrch je strukturovan\u00fd<\/strong> (nikoli hladk\u00fd), tak\u017ee sklo po vyfouknut\u00ed z\u00edsk\u00e1 charakteristick\u00fd dekor.<\/p>\n<p data-start=\"182\" data-end=\"212\">Podle ur\u010den\u00ed se pou\u017e\u00edvaj\u00ed <strong data-start=\"215\" data-end=\"237\">sklen\u011bnou soupravu<\/strong> na vodu nebo d\u017eus, v\u00edno a mu\u017ee byt i <strong data-start=\"371\" data-end=\"396\">designovou a d\u00e1rkovou<\/strong> soupravu<\/p>\n<p data-start=\"182\" data-end=\"212\">Kr\u00e1sn\u00fd d\u00e1rek pro ka\u017edou v\u00fdznamnou ud\u00e1lost va\u0161\u00edm bl\u00edzk\u00fdm nebo obchodn\u00edm partner\u016fm.<\/p>\n<p>Souprava obsahuje <strong>1<\/strong> D\u017eb\u00e1n a 6 sklenic<\/p>\n","protected":false},"excerpt":{"rendered":"<p>Souprava je praktick\u00fdm i elegantn\u00edm dopl\u0148kem. Slou\u017e\u00ed k serv\u00edrov\u00e1n\u00ed n\u00e1poj\u016f. Kvalitn\u00ed n\u00e1pojov\u00e1 souprava obsahuje karafu nebo d\u017eb\u00e1n a odpov\u00eddaj\u00edc\u00ed sklenice, kter\u00e9 spolu designov\u011b lad\u00ed.<\/p>\n","protected":false},"featured_media":93959,"comment_status":"closed","ping_status":"closed","template":"","meta":[],"product_brand":[],"product_cat":[120,121,113,114,145],"product_tag":[],"class_list":{"0":"post-93958","1":"product","2":"type-product","3":"status-publish","4":"has-post-thumbnail","6":"product_cat-darky-pro-muze","7":"product_cat-darky-pro-zeny","8":"product_cat-historicke-sklo","9":"product_cat-lesni-sklo","10":"product_cat-sklenene-soupravy","12":"first","13":"instock","14":"shipping-taxable","15":"purchasable","16":"product-type-simple"},"_links":{"self":[{"href":"https:\/\/test.esluzby.net\/index.php?rest_route=\/wp\/v2\/product\/93958","targetHints":{"allow":["GET"]}}],"collection":[{"href":"https:\/\/test.esluzby.net\/index.php?rest_route=\/wp\/v2\/product"}],"about":[{"href":"https:\/\/test.esluzby.net\/index.php?rest_route=\/wp\/v2\/types\/product"}],"replies":[{"embeddable":true,"href":"https:\/\/test.esluzby.net\/index.php?rest_route=%2Fwp%2Fv2%2Fcomments&post=93958"}],"version-history":[{"count":0,"href":"https:\/\/test.esluzby.net\/index.php?rest_route=\/wp\/v2\/product\/93958\/revisions"}],"wp:featuredmedia":[{"embeddable":true,"href":"https:\/\/test.esluzby.net\/index.php?rest_route=\/wp\/v2\/media\/93959"}],"wp:attachment":[{"href":"https:\/\/test.esluzby.net\/index.php?rest_route=%2Fwp%2Fv2%2Fmedia&parent=93958"}],"wp:term":[{"taxonomy":"product_brand","embeddable":true,"href":"https:\/\/test.esluzby.net\/index.php?rest_route=%2Fwp%2Fv2%2Fproduct_brand&post=93958"},{"taxonomy":"product_cat","embeddable":true,"href":"https:\/\/test.esluzby.net\/index.php?rest_route=%2Fwp%2Fv2%2Fproduct_cat&post=93958"},{"taxonomy":"product_tag","embeddable":true,"href":"https:\/\/test.esluzby.net\/index.php?rest_route=%2Fwp%2Fv2%2Fproduct_tag&post=93958"}],"curies":[{"name":"wp","href":"https:\/\/api.w.org\/{rel}","templated":true}]}}