{"id":94536,"date":"2024-01-28T12:15:12","date_gmt":"2024-01-28T11:15:12","guid":{"rendered":"https:\/\/test.esluzby.net\/?post_type=product&#038;p=94536"},"modified":"2026-02-19T10:28:49","modified_gmt":"2026-02-19T09:28:49","slug":"srdce-4-cakra","status":"publish","type":"product","link":"https:\/\/test.esluzby.net\/?product=srdce-4-cakra","title":{"rendered":"Srdce &#8211; 4.\u010dakra"},"content":{"rendered":"","protected":false},"excerpt":{"rendered":"<p>4. \u010dakra srde\u010dn\u00ed \u2013 Harmonick\u00e1 funkce: Vyrovnanost, citovost, otev\u0159enost, rovnov\u00e1ha mezi d\u00e1v\u00e1n\u00edm a p\u0159ij\u00edm\u00e1n\u00edm, soucit, odpu\u0161t\u011bn\u00ed.Srdce je sv\u00fdm tvarem ka\u017ed\u00e9 origin\u00e1l, jeliko\u017e je vyr\u00e1b\u011bno ru\u010dn\u011b bez pou\u017eit\u00ed formy origin\u00e1ln\u00edm rukopisem ka\u017ed\u00e9ho skl\u00e1\u0159e.K dispozici jsou i dal\u0161\u00ed \u010dakry.\u00a0V\u00fdsledky vyhled\u00e1v\u00e1n\u00ed srdce \u010dakra \u2013 Flori\u00e1nova hu\u0165<\/p>\n","protected":false},"featured_media":94537,"comment_status":"closed","ping_status":"closed","template":"","meta":[],"product_brand":[],"product_cat":[109,146,144],"product_tag":[],"class_list":{"0":"post-94536","1":"product","2":"type-product","3":"status-publish","4":"has-post-thumbnail","6":"product_cat-dekoracni-sklo","7":"product_cat-sklenena-tezitka-a-olejove-lampy","8":"product_cat-valentyn","10":"first","11":"instock","12":"shipping-taxable","13":"purchasable","14":"product-type-simple"},"_links":{"self":[{"href":"https:\/\/test.esluzby.net\/index.php?rest_route=\/wp\/v2\/product\/94536","targetHints":{"allow":["GET"]}}],"collection":[{"href":"https:\/\/test.esluzby.net\/index.php?rest_route=\/wp\/v2\/product"}],"about":[{"href":"https:\/\/test.esluzby.net\/index.php?rest_route=\/wp\/v2\/types\/product"}],"replies":[{"embeddable":true,"href":"https:\/\/test.esluzby.net\/index.php?rest_route=%2Fwp%2Fv2%2Fcomments&post=94536"}],"version-history":[{"count":0,"href":"https:\/\/test.esluzby.net\/index.php?rest_route=\/wp\/v2\/product\/94536\/revisions"}],"wp:featuredmedia":[{"embeddable":true,"href":"https:\/\/test.esluzby.net\/index.php?rest_route=\/wp\/v2\/media\/94537"}],"wp:attachment":[{"href":"https:\/\/test.esluzby.net\/index.php?rest_route=%2Fwp%2Fv2%2Fmedia&parent=94536"}],"wp:term":[{"taxonomy":"product_brand","embeddable":true,"href":"https:\/\/test.esluzby.net\/index.php?rest_route=%2Fwp%2Fv2%2Fproduct_brand&post=94536"},{"taxonomy":"product_cat","embeddable":true,"href":"https:\/\/test.esluzby.net\/index.php?rest_route=%2Fwp%2Fv2%2Fproduct_cat&post=94536"},{"taxonomy":"product_tag","embeddable":true,"href":"https:\/\/test.esluzby.net\/index.php?rest_route=%2Fwp%2Fv2%2Fproduct_tag&post=94536"}],"curies":[{"name":"wp","href":"https:\/\/api.w.org\/{rel}","templated":true}]}}