{"id":99117,"date":"2025-01-09T16:48:14","date_gmt":"2025-01-09T15:48:14","guid":{"rendered":"https:\/\/test.esluzby.net\/?post_type=product&#038;p=99117"},"modified":"2026-02-19T10:30:48","modified_gmt":"2026-02-19T09:30:48","slug":"goethuv-baro","status":"publish","type":"product","link":"https:\/\/test.esluzby.net\/?product=goethuv-baro","title":{"rendered":"Barometr-lesn\u00ed sklo"},"content":{"rendered":"","protected":false},"excerpt":{"rendered":"<p>Goeth\u016fv barometr ze skla reaguje rychle na zm\u011bnu atmosf\u00e9rick\u00e9ho tlaku vzduchu. Po napln\u011bn\u00ed vodou, nejl\u00e9pe destilovanou, m\u016f\u017eete v bo\u010dn\u00ed sklen\u011bn\u00e9 trubici sledovat zm\u011bny tlaku vzduchu. Pokud voda stoup\u00e1, sni\u017euje se tlak vzduchu a ukazuje tak na zhor\u0161en\u00ed po\u010das\u00ed. Pokud hladina kles\u00e1, tlak vzduchu se zvy\u0161uje a o\u010dek\u00e1v\u00e1 se zlep\u0161en\u00ed po\u010das\u00ed.<\/p>\n","protected":false},"featured_media":99118,"comment_status":"closed","ping_status":"closed","template":"","meta":[],"product_brand":[],"product_cat":[120,109,113,114,127,111,149],"product_tag":[],"class_list":{"0":"post-99117","1":"product","2":"type-product","3":"status-publish","4":"has-post-thumbnail","6":"product_cat-darky-pro-muze","7":"product_cat-dekoracni-sklo","8":"product_cat-historicke-sklo","9":"product_cat-lesni-sklo","10":"product_cat-ostatni","11":"product_cat-tipy-na-darky","12":"product_cat-zahradni-sklo","14":"first","15":"outofstock","16":"shipping-taxable","17":"purchasable","18":"product-type-simple"},"_links":{"self":[{"href":"https:\/\/test.esluzby.net\/index.php?rest_route=\/wp\/v2\/product\/99117","targetHints":{"allow":["GET"]}}],"collection":[{"href":"https:\/\/test.esluzby.net\/index.php?rest_route=\/wp\/v2\/product"}],"about":[{"href":"https:\/\/test.esluzby.net\/index.php?rest_route=\/wp\/v2\/types\/product"}],"replies":[{"embeddable":true,"href":"https:\/\/test.esluzby.net\/index.php?rest_route=%2Fwp%2Fv2%2Fcomments&post=99117"}],"version-history":[{"count":0,"href":"https:\/\/test.esluzby.net\/index.php?rest_route=\/wp\/v2\/product\/99117\/revisions"}],"wp:featuredmedia":[{"embeddable":true,"href":"https:\/\/test.esluzby.net\/index.php?rest_route=\/wp\/v2\/media\/99118"}],"wp:attachment":[{"href":"https:\/\/test.esluzby.net\/index.php?rest_route=%2Fwp%2Fv2%2Fmedia&parent=99117"}],"wp:term":[{"taxonomy":"product_brand","embeddable":true,"href":"https:\/\/test.esluzby.net\/index.php?rest_route=%2Fwp%2Fv2%2Fproduct_brand&post=99117"},{"taxonomy":"product_cat","embeddable":true,"href":"https:\/\/test.esluzby.net\/index.php?rest_route=%2Fwp%2Fv2%2Fproduct_cat&post=99117"},{"taxonomy":"product_tag","embeddable":true,"href":"https:\/\/test.esluzby.net\/index.php?rest_route=%2Fwp%2Fv2%2Fproduct_tag&post=99117"}],"curies":[{"name":"wp","href":"https:\/\/api.w.org\/{rel}","templated":true}]}}