{"id":99970,"date":"2025-04-08T20:43:24","date_gmt":"2025-04-08T18:43:24","guid":{"rendered":"https:\/\/test.esluzby.net\/?post_type=product&#038;p=99970"},"modified":"2026-02-19T10:31:05","modified_gmt":"2026-02-19T09:31:05","slug":"historicky-tuplak-na-pivo-15-l","status":"publish","type":"product","link":"https:\/\/test.esluzby.net\/?product=historicky-tuplak-na-pivo-15-l","title":{"rendered":"Historick\u00fd Tupl\u00e1k na pivo 1,5 L lesn\u00ed zelen\u00e1"},"content":{"rendered":"","protected":false},"excerpt":{"rendered":"<p>P\u016fllitry jsou barveny oxidem \u017eeleza,v\u0161echny lze zdobit ryt\u00edm,malov\u00e1n\u00edm,vypalovac\u00edm obtiskem,c\u00ednovou plaketou,c\u00ednovou ozdobou,nebo opat\u0159it c\u00ednov\u00fdm v\u00ed\u010dkem Jedn\u00e1 se o typickou ru\u010dn\u00ed v\u00fdrobu \u010desk\u00e9ho sklafoukan\u00e9ho v na\u0161em glass studiu.\u010cesk\u00e9 Sklo cel\u00fd sv\u011bt zn\u00e1,jako Glass-Bohemia.Jedn\u00e1 se o sklo sodno -draseln\u00e9 m\u00e1 velk\u00fd lesk a kr\u00e1sn\u00fd zvuk.<\/p>\n","protected":false},"featured_media":99971,"comment_status":"closed","ping_status":"closed","template":"","meta":[],"product_brand":[],"product_cat":[113,114,138],"product_tag":[],"class_list":{"0":"post-99970","1":"product","2":"type-product","3":"status-publish","4":"has-post-thumbnail","6":"product_cat-historicke-sklo","7":"product_cat-lesni-sklo","8":"product_cat-skleneny-pullitr","10":"first","11":"instock","12":"shipping-taxable","13":"purchasable","14":"product-type-simple"},"_links":{"self":[{"href":"https:\/\/test.esluzby.net\/index.php?rest_route=\/wp\/v2\/product\/99970","targetHints":{"allow":["GET"]}}],"collection":[{"href":"https:\/\/test.esluzby.net\/index.php?rest_route=\/wp\/v2\/product"}],"about":[{"href":"https:\/\/test.esluzby.net\/index.php?rest_route=\/wp\/v2\/types\/product"}],"replies":[{"embeddable":true,"href":"https:\/\/test.esluzby.net\/index.php?rest_route=%2Fwp%2Fv2%2Fcomments&post=99970"}],"version-history":[{"count":0,"href":"https:\/\/test.esluzby.net\/index.php?rest_route=\/wp\/v2\/product\/99970\/revisions"}],"wp:featuredmedia":[{"embeddable":true,"href":"https:\/\/test.esluzby.net\/index.php?rest_route=\/wp\/v2\/media\/99971"}],"wp:attachment":[{"href":"https:\/\/test.esluzby.net\/index.php?rest_route=%2Fwp%2Fv2%2Fmedia&parent=99970"}],"wp:term":[{"taxonomy":"product_brand","embeddable":true,"href":"https:\/\/test.esluzby.net\/index.php?rest_route=%2Fwp%2Fv2%2Fproduct_brand&post=99970"},{"taxonomy":"product_cat","embeddable":true,"href":"https:\/\/test.esluzby.net\/index.php?rest_route=%2Fwp%2Fv2%2Fproduct_cat&post=99970"},{"taxonomy":"product_tag","embeddable":true,"href":"https:\/\/test.esluzby.net\/index.php?rest_route=%2Fwp%2Fv2%2Fproduct_tag&post=99970"}],"curies":[{"name":"wp","href":"https:\/\/api.w.org\/{rel}","templated":true}]}}